. Suppose 61*r + z = 68*r. Calculate s(r).
8
Let d(y) = y**3 - 4*y**2 - 5*y + 4. Suppose 0 = 4*x - 5*x - 1. Let u be (-3 - 0/(-1))/x. Suppose 3*r - 2*r - u*p = 5, -3*p - 25 = -5*r. Give d(r).
4
Let j(s) = s**2 - 4*s - 1. Suppose 11 = -3*v - 4*z, -4*v - 100*z + 101*z = -17. What is j(v)?
-4
Let v(q) be the second derivative of q**5/20 - q**4/4 - 13*q**3/6 + 13*q**2/2 - 154*q. Give v(5).
-2
Let s be 1/(((-9)/3)/(-6)). Let v(y) = 23*y**2 + 5 + 7*y + 20*y**2 - 42*y**s. Determine v(-4).
-7
Suppose 0 = -5*v - 5*s + 25, -5*s + 4*s = -3*v + 3. Let l(a) = 1346 - 1346 + 3*a**v. Let u(n) = -n**3 - 2*n**2 + 3*n + 1. Let g be u(-3). What is l(g)?
3
Let t(w) = -w**3 - w**2 - w - 10. Let s(p) = -p**3 + 16*p**2 - 4*p + 32. Let j be s(16). Let o = j - -32. What is t(o)?
-10
Let d(r) = -r - 7. Suppose 4*x + a - 112 = -28, a = 0. Let h = -14 + x. Let q be 2/h + 528/(-84). What is d(q)?
-1
Let p(k) = -k - 9. Suppose 0 = 218*c - 227*c - 45. Determine p(c).
-4
Let r(a) = 11*a - 5*a + 63 - 65. What is r(2)?
10
Let f(j) be the third derivative of -j**7/840 - j**6/180 + 7*j**5/120 + 5*j**4/24 - 11*j**3/6 - 11*j**2. Let b(h) be the first derivative of f(h). Give b(-4).
9
Suppose -61 + 43 = 3*d. Let w(r) = 11*r**2 + 32*r - 14. Let l(p) = -4*p**2 - 11*p + 5. Let a(m) = 8*l(m) + 3*w(m). Give a(d).
-14
Let w(v) = -v**3 - 6*v**2 + 8*v + 5. Suppose -3*h - 55 = -34. Calculate w(h).
-2
Suppose -28 = r + 4*x - 26, 4*r - 4*x - 52 = 0. Let v(l) = -l**2 + 8*l + 15. Give v(r).
-5
Suppose b + 4 = 2*b, 3*b + 18 = -3*w. Let k(u) = 3*u + 15. What is k(w)?
-15
Let g(j) = -36*j. Let m be g(1). Suppose 5*v = -16 - 4, -3*z = 2*v - 94. Let s = m + z. Let c(a) = a**3 + 4*a**2 + 2*a - 2. Determine c(s).
2
Let c(v) = 5 - v**2 - 3 + 115*v - 116*v. Suppose 37 = -3*f + 5*w, -3*f + 13 = 3*w + 2*w. What is c(f)?
-10
Let f(l) = -2*l - 40. Let h(t) = -17*t**2 - 3*t + 2. Let a be h(1). Calculate f(a).
-4
Let l(x) = -x**3 + 13*x**2 - x + 8. Suppose -100 + 9 = -7*g. What is l(g)?
-5
Let j(r) = -15*r**3 - 5*r**2 + 13*r + 40. Let w(c) = -7*c**3 - 2*c**2 + 6*c + 19. Let t(l) = -6*j(l) + 13*w(l). Give t(5).
-18
Let m be (2/3)/((-8)/(-348)). Suppose 5*u + 9 = 5*h + m, -h = -3. Let s = u + -1. Let x(z) = z - 5. Determine x(s).
1
Let u(q) = -13*q**2 + 7*q - 5. Let o be u(1). Let a(p) = p + 15. What is a(o)?
4
Suppose 4*j = -2*x + 6, 3*j + j - 10 = 2*x. Let i = -100 - -102. Let p(n) = 3*n**i - 94*n + 95*n - 2*n**2 + n**3 + 1. Calculate p(x).
0
Let z(s) = 4*s**2 + 6*s - 7. Let h(c) = -7*c**2 - 11*c + 13. Suppose 2*i - g = -6*g + 10, 0 = -2*g. Let y(u) = i*z(u) + 3*h(u). Determine y(-5).
-6
Let o(k) = 9*k**2 + k - 12*k**2 - 3*k + k - 5*k**2. Calculate o(1).
-9
Let h be (18 - 3)*(2 + -3). Let z = h + 17. Let j(x) = -2 - 6*x - 2*x - 4 + x**2 + z*x. What is j(6)?
-6
Let q(k) be the third derivative of -1/4*k**4 + 1/120*k**6 + k**2 - 1/6*k**3 - 1/20*k**5 + 0*k + 0. Determine q(5).
19
Let i be (-20)/(-6) - 12/36. Let g be (12/6 - -4)*(-2)/i. Let s(p) = p**3 - p - 1. Let l(y) = 4*y**3 + 3*y**2 - 8*y - 9. Let t(k) = l(k) - 3*s(k). What is t(g)?
-2
Let l(k) be the third derivative of 23*k**4/24 + k**3/6 - 2*k**2 + 25*k. Suppose -6 = 4*q + 2*q. Calculate l(q).
-22
Let t(k) = k**3 - k - 1. Let a = 13 + -8. Suppose -3*j + 5*n - 8 = -a*j, 0 = 4*j + 2*n. Let r be (j + 1)/(2/(-1)). Calculate t(r).
-1
Suppose 7*q - 10 - 11 = 0. Suppose -2*a - q*a = -0*a. Let v(i) = -i + 3. Calculate v(a).
3
Let c(m) = 4*m**2 - 11*m - 1. Let o(i) = -5*i**2 + 12*i. Let b(s) = -6*c(s) - 5*o(s). Let y = 26 + -21. Suppose -t + 2*t + 2 = 0, -29 = y*z + 2*t. Give b(z).
1
Suppose -4*g + 3*x - 39 = 0, -2*x + 37 = -2*g + 3*x. Let a(j) = j + 6. Determine a(g).
0
Suppose 40 = 4*v - 4*g, -g + 10 = 90*v - 87*v. Let y(d) be the first derivative of -d**4/4 + 5*d**3/3 + 3*d**2/2 + d + 1. What is y(v)?
16
Let o(a) = -5 - 637*a**2 + a**3 + 4*a + 634*a**2 - a. Calculate o(2).
-3
Let q(d) = d**3 + 3*d**2 + 2*d + 4. Let f(w) = -w**3 - w. Let p(l) = 2*f(l) + q(l). Let z be (-2)/(3 + (-22)/6). What is p(z)?
4
Let k(u) be the second derivative of 4*u**2 + 15*u + 0 + u**3 - 1/12*u**4. Calculate k(8).
-8
Let a(h) be the third derivative of h**4/24 + h**3/6 + 12*h**2. Suppose -8 = 4*k + 3*j - 4, -3*k = -3*j + 3. Calculate a(k).
0
Suppose -a - 3 = 0, 0 = 5*q - 3*a + 5*a - 24. Let h(f) = -1 - 8*f**2 - q*f + 4 - f**3 + 2 - 2. Calculate h(-7).
-4
Suppose 4*n = -4 - 0. Let m(r) be the first derivative of r**7/420 + r**6/360 + r**5/120 + 2*r**3/3 - 4. Let w(v) be the third derivative of m(v). What is w(n)?
-2
Let d(s) = -6*s**2 - 41*s + 30. Let q(k) = 10*k - 2*k + 4*k**2 - 6 - 3*k**2. Let y = 1 + 1. Let r(b) = y*d(b) + 11*q(b). Determine r(6).
-6
Let r be 54/(27/3) + 10 + 1. Let a(m) = -m**3 + 18*m**2 - 16*m - 25. Determine a(r).
-8
Let m(g) = 7 + 8*g - 2*g - 9 + 6 + 7*g**2 + g**3 + 0*g**2. Calculate m(-5).
24
Let v = 6 + -11. Let h be (-6)/(-3) + -2 + 0. Let s(m) = -6 - 5*m**2 - 2*m - 1 + h*m - m**3. Calculate s(v).
3
Let m(v) = 67*v + 68 - 71 - 66*v. Calculate m(-8).
-11
Let r(o) = -3723*o - 5 + 3 + 1863*o + 1856*o. Suppose 0 = m + 4*m + 10. Calculate r(m).
6
Let k(g) = -7*g - 16. Suppose 9*u - 52 = -79. Give k(u).
5
Let p(a) be the first derivative of -a**4/12 - 3*a**3/2 + 5*a**2 + 36*a + 39. Let t(h) be the first derivative of p(h). What is t(-10)?
0
Suppose -b + 4*b = 12. Suppose -5*x = b*m, 2*x + 2*x + m = 0. Let u(a) = a**3 + a**2 - a - 4. What is u(x)?
-4
Let c(r) be the second derivative of r**5/20 - 2*r**4/3 + 4*r**3/3 - 7*r**2/2 + 69*r. Calculate c(7).
0
Let q = -250 - -246. Let i(t) = t**2 + 8*t + 14. Calculate i(q).
-2
Let o(x) be the third derivative of x**5/60 + x**4/2 + 17*x**3/6 + 11*x**2 - 1. Calculate o(-10).
-3
Suppose -5*q + 10 = 0, 2*j = 3*q + 3 - 1. Suppose -n + 1 = -j. Let t(z) = -2*z + 8*z + 4 - n. Calculate t(1).
5
Suppose 3*x = 5*u - 3*u - 3, -2*x = -2. Let j(w) = -21*w + 3*w**2 - 19*w + 37*w + 2*w**3 - w**3 - u. Give j(-3).
6
Suppose -3*n + 0*n = 3. Let b(t) = 6*t**3 - 5*t**2 + t. Let i(w) = 4*w**3 - 4*w**2 + w. Let a(c) = 5*b(c) - 6*i(c). Calculate a(n).
-6
Suppose -75 - 144 = 73*c. Let g(a) be the third derivative of a**5/30 + a**4/6 - a**3/6 + 2*a**2. What is g(c)?
5
Let w(f) = f + 28812*f**2 - 28809*f**2 - 3 + 2. Determine w(2).
13
Let a(c) be the third derivative of -c**6/120 + c**5/6 - c**4/4 - c**3/2 - 46*c**2 - 1. What is a(9)?
24
Let o be (-1)/5 + (-80)/(-25). Suppose 5*g = -3*y + 19, -2*g + 3*y = y + 2. Let i(z) = z**2 - z**g - 3 + 6 - 5*z**2 - o*z - z**3. Determine i(-4).
-1
Let g be (-138)/46 + (-10)/(-2). Let z(v) = -v**3 + v**2 + v + 4. What is z(g)?
2
Let c(p) = 3*p**2 + p - 1. Suppose 10*g + 32 = 12*g. Suppose w - 17 = 4*t, -w - w = -2*t - g. Determine c(t).
23
Let m(y) = -2*y**2 + 7*y - 1. Let p be m(4). Let g(q) = 1 + 4 + 8*q - 3*q + q**2. Calculate g(p).
5
Suppose -i + 5*i = -40. Let f be i*-2*4/20. Let h(a) = -a + 6. Determine h(f).
2
Let w = -14 - -8. Suppose 0 = -5*m + 6 + 4. Let u(k) = 7 + m*k + 3 - 1. Give u(w).
-3
Suppose 8*a - 39 - 9 = 0. Let g(l) = -l**3 + 5*l**2 + 7*l - 6. Calculate g(a).
0
Let l(w) = w**3 - 3*w**2 + 4*w - 3. Let s be (-20)/3 + 10/15. Let x be (-6)/4 + (-21)/s. Determine l(x).
1
Let l(x) = -x**3 + 3*x**2 + 3*x. Suppose 0 - 10 = 2*u, -5 = -5*d + 3*u. Let b be d/(-5 - -3) + 3. Calculate l(b).
-4
Let b(r) = r**2 + 6*r + 7. Let u(t) = 15*t - 3 + 0 + 5*t - t**3 - 2 + 19*t**2. Let i be u(20). Calculate b(i).
2
Suppose 0 = -3*m - m + 20, -j - 20 = -4*m. Let k(l) = -3*l**2 - l - 5. Let y(v) = 13*v**2 + 4*v + 19. Let n(f) = 9*k(f) + 2*y(f). What is n(j)?
-7
Let k(o) be the first derivative of -20*o**3/3 - o**2/2 + o - 237. What is k(1)?
-20
Let t(l) be the second derivative of 1/20*l**5 + 7/12*l**4 + 0 + 5*l**2 + 1/3*l**3 + 6*l. Let g be t(-7). Let q(c) = -c**2 - 3*c + 2. What is q(g)?
-2
Let y(f) be the third derivative of -1/2*f**3 - 1/20*f**5 + 1/120*f**6 + 0 + 0*f + 1/12*f**4 + 12*f**2. Suppose -4 = a - 6. Calculate y(a).
-3
Let g(v) = -v**3 - 2*v**2 + 4*v. Let c(q) = q**3 - 16*q**2 - 36*q - 3. Let f be c(18). Calculate g(f).
-3
Let g be ((-1)/((28/48)/7))/(-1). Suppose 7*t + 5 = g. Let w(q) = 6*q**3 + q**2 + q - 1. Determine w(t).
7
Let m(h) = 75*h - 36*h - 26*h**2 - 40*h. Determine m(1).
-27
Let x be 8/4*13/(-2). Let j = x - -16. Let t(y) = -2*y**3 + 3*y**2 + 4*y - 1. Calculate t(j).
-16
Let t(s) be the 